{"id":713,"date":"2019-10-01T09:08:59","date_gmt":"2019-10-01T07:08:59","guid":{"rendered":"http:\/\/www.designentwurf.net\/?page_id=713"},"modified":"2019-10-01T09:08:59","modified_gmt":"2019-10-01T07:08:59","slug":"anfahrt","status":"publish","type":"page","link":"http:\/\/hund-und-schueler.de\/?page_id=713","title":{"rendered":"Anfahrt"},"content":{"rendered":"<p>[et_pb_section fb_built=&#8220;1&#8243; _builder_version=&#8220;3.26.6&#8243; custom_padding=&#8220;0px|||||&#8220; top_divider_style=&#8220;ramp2&#8243; top_divider_color=&#8220;#474747&#8243; top_divider_height=&#8220;145px&#8220; top_divider_flip=&#8220;vertical|horizontal&#8220; locked=&#8220;off&#8220;][et_pb_row _builder_version=&#8220;3.26.6&#8243; background_size=&#8220;initial&#8220; background_position=&#8220;top_left&#8220; background_repeat=&#8220;repeat&#8220; custom_padding=&#8220;98px|||||&#8220;][et_pb_column type=&#8220;4_4&#8243; _builder_version=&#8220;3.25&#8243; custom_padding=&#8220;|||&#8220; custom_padding__hover=&#8220;|||&#8220;][et_pb_text _builder_version=&#8220;3.26.6&#8243; animation_style=&#8220;fade&#8220;]<\/p>\n<h1 style=\"text-align: center;\"><span style=\"font-size: xx-large;\">ANFAHRT<\/span><\/h1>\n<p>[\/et_pb_text][\/et_pb_column][\/et_pb_row][\/et_pb_section][et_pb_section fb_built=&#8220;1&#8243; custom_padding_last_edited=&#8220;off|desktop&#8220; admin_label=&#8220;Services&#8220; _builder_version=&#8220;3.22&#8243; custom_padding=&#8220;0px|0px|0px|0px|false|false&#8220;][et_pb_row _builder_version=&#8220;3.25&#8243;][et_pb_column type=&#8220;4_4&#8243; _builder_version=&#8220;3.25&#8243; custom_padding=&#8220;|||&#8220; custom_padding__hover=&#8220;|||&#8220;][et_pb_blurb use_icon=&#8220;on&#8220; font_icon=&#8220;%%236%%&#8220; icon_color=&#8220;#f3991c&#8220; _builder_version=&#8220;3.26.6&#8243; max_width=&#8220;96px&#8220;][\/et_pb_blurb][\/et_pb_column][\/et_pb_row][\/et_pb_section][et_pb_section fb_built=&#8220;1&#8243; _builder_version=&#8220;3.26.6&#8243; min_height=&#8220;369px&#8220; custom_padding=&#8220;0px|||||&#8220;][et_pb_row _builder_version=&#8220;3.26.6&#8243; custom_margin=&#8220;-57px|411px||auto||&#8220;][et_pb_column type=&#8220;4_4&#8243; _builder_version=&#8220;3.26.6&#8243;][et_pb_text _builder_version=&#8220;3.26.6&#8243; custom_margin=&#8220;||-111px|||&#8220; custom_padding=&#8220;||0px|||&#8220;]<\/p>\n<p>Der Platz der Hundeschule und der Hundestagesst\u00e4tte liegt verkehrsg\u00fcnstig mitten in Wiesbaden. Parkpl\u00e4tze sind auf unserem Gel\u00e4nde ausreichend vorhanden.<\/p>\n<p>&nbsp;<\/p>\n<ul>\n<li>Beleuchtete Pl\u00e4tze<\/li>\n<li>Ein \u00fcberdachtes Trainingsgel\u00e4nde<\/li>\n<\/ul>\n<p>&nbsp;<\/p>\n<p>&nbsp;<\/p>\n<p>&nbsp;<\/p>\n<p>[\/et_pb_text][\/et_pb_column][\/et_pb_row][et_pb_row _builder_version=&#8220;3.26.6&#8243; animation_style=&#8220;flip&#8220; animation_delay=&#8220;200ms&#8220;][et_pb_column type=&#8220;4_4&#8243; _builder_version=&#8220;3.26.6&#8243;][et_pb_text _builder_version=&#8220;3.26.6&#8243; custom_margin=&#8220;|||80px||&#8220;]<\/p>\n<p><strong>Anfahrt zum Hundesch\u00fcler:<br \/><\/strong><\/p>\n<p>Theodor-Heuss-Ring 52, 65189<\/p>\n<p>gegen\u00fcber Kl\u00e4ranlage, in kleinen Schotterweg zu den Kleing\u00e4rten und bei dem gro\u00dfen Tor rechts hinunter.<\/p>\n<p><img loading=\"lazy\" decoding=\"async\" src=\"http:\/\/www.designentwurf.net\/wp-content\/uploads\/2019\/10\/anfahrt-ralf-gehrke-theodor-heuss-ring_52-wiesbaden_2.jpg\" alt=\"\" class=\"wp-image-720 alignnone size-full\" width=\"920\" height=\"530\" \/><\/p>\n<p>[\/et_pb_text][\/et_pb_column][\/et_pb_row][\/et_pb_section][et_pb_section fb_built=&#8220;1&#8243; admin_label=&#8220;Footer&#8220; _builder_version=&#8220;3.22&#8243;][et_pb_row column_structure=&#8220;1_3,1_3,1_3&#8243; _builder_version=&#8220;3.25&#8243; custom_padding=&#8220;|||&#8220;][et_pb_column type=&#8220;1_3&#8243; _builder_version=&#8220;3.25&#8243; custom_padding=&#8220;|||&#8220; custom_padding__hover=&#8220;|||&#8220;][et_pb_blurb use_icon=&#8220;on&#8220; font_icon=&#8220;%%236%%&#8220; icon_color=&#8220;#016fac&#8220; use_icon_font_size=&#8220;on&#8220; icon_font_size=&#8220;32px&#8220; _builder_version=&#8220;3.26.6&#8243; header_font=&#8220;Josefin Sans|700||on|||||&#8220; header_text_align=&#8220;center&#8220; body_font=&#8220;Open Sans||||||||&#8220; body_text_align=&#8220;center&#8220; body_font_size=&#8220;18px&#8220;]<\/p>\n<p>Theodor-Heuss-Ring 52, 65189 Wiesbaden<\/p>\n<p>[\/et_pb_blurb][\/et_pb_column][et_pb_column type=&#8220;1_3&#8243; _builder_version=&#8220;3.25&#8243; custom_padding=&#8220;|||&#8220; custom_padding__hover=&#8220;|||&#8220;][et_pb_blurb use_icon=&#8220;on&#8220; font_icon=&#8220;%%264%%&#8220; icon_color=&#8220;#016fac&#8220; use_icon_font_size=&#8220;on&#8220; icon_font_size=&#8220;32px&#8220; _builder_version=&#8220;3.26.6&#8243; header_font=&#8220;Josefin Sans|700||on|||||&#8220; header_text_align=&#8220;center&#8220; body_font=&#8220;Open Sans||||||||&#8220; body_text_align=&#8220;center&#8220; body_font_size=&#8220;18px&#8220; animation_style=&#8220;fold&#8220; animation_direction=&#8220;left&#8220; animation_delay=&#8220;200ms&#8220; animation_intensity_fold=&#8220;20%&#8220;]<\/p>\n<p>0178 \/ 25 12 680<\/p>\n<p>[\/et_pb_blurb][\/et_pb_column][et_pb_column type=&#8220;1_3&#8243; _builder_version=&#8220;3.25&#8243; custom_padding=&#8220;|||&#8220; custom_padding__hover=&#8220;|||&#8220;][et_pb_blurb use_icon=&#8220;on&#8220; font_icon=&#8220;%%238%%&#8220; icon_color=&#8220;#016fac&#8220; use_icon_font_size=&#8220;on&#8220; icon_font_size=&#8220;32px&#8220; _builder_version=&#8220;3.26.6&#8243; header_font=&#8220;Josefin Sans|700||on|||||&#8220; header_text_align=&#8220;center&#8220; body_font=&#8220;Open Sans||||||||&#8220; body_text_align=&#8220;center&#8220; body_font_size=&#8220;18px&#8220; animation_style=&#8220;fold&#8220; animation_direction=&#8220;left&#8220; animation_delay=&#8220;200ms&#8220; animation_intensity_fold=&#8220;20%&#8220;]<\/p>\n<p>hallo@hundeschueler.de<\/p>\n<p>[\/et_pb_blurb][\/et_pb_column][\/et_pb_row][\/et_pb_section]<\/p>\n","protected":false},"excerpt":{"rendered":"<p>[et_pb_section fb_built=&#8220;1&#8243; _builder_version=&#8220;3.26.6&#8243; custom_padding=&#8220;0px|||||&#8220; top_divider_style=&#8220;ramp2&#8243; top_divider_color=&#8220;#474747&#8243; top_divider_height=&#8220;145px&#8220; top_divider_flip=&#8220;vertical|horizontal&#8220; locked=&#8220;off&#8220;][et_pb_row _builder_version=&#8220;3.26.6&#8243; background_size=&#8220;initial&#8220; background_position=&#8220;top_left&#8220; background_repeat=&#8220;repeat&#8220; custom_padding=&#8220;98px|||||&#8220;][et_pb_column type=&#8220;4_4&#8243; _builder_version=&#8220;3.25&#8243; custom_padding=&#8220;|||&#8220; custom_padding__hover=&#8220;|||&#8220;][et_pb_text _builder_version=&#8220;3.26.6&#8243; animation_style=&#8220;fade&#8220;] ANFAHRT [\/et_pb_text][\/et_pb_column][\/et_pb_row][\/et_pb_section][et_pb_section fb_built=&#8220;1&#8243; custom_padding_last_edited=&#8220;off|desktop&#8220; admin_label=&#8220;Services&#8220; _builder_version=&#8220;3.22&#8243; custom_padding=&#8220;0px|0px|0px|0px|false|false&#8220;][et_pb_row _builder_version=&#8220;3.25&#8243;][et_pb_column type=&#8220;4_4&#8243; _builder_version=&#8220;3.25&#8243; custom_padding=&#8220;|||&#8220; custom_padding__hover=&#8220;|||&#8220;][et_pb_blurb use_icon=&#8220;on&#8220; font_icon=&#8220;%%236%%&#8220; icon_color=&#8220;#f3991c&#8220; _builder_version=&#8220;3.26.6&#8243; max_width=&#8220;96px&#8220;][\/et_pb_blurb][\/et_pb_column][\/et_pb_row][\/et_pb_section][et_pb_section fb_built=&#8220;1&#8243; _builder_version=&#8220;3.26.6&#8243; min_height=&#8220;369px&#8220; custom_padding=&#8220;0px|||||&#8220;][et_pb_row _builder_version=&#8220;3.26.6&#8243; custom_margin=&#8220;-57px|411px||auto||&#8220;][et_pb_column type=&#8220;4_4&#8243; _builder_version=&#8220;3.26.6&#8243;][et_pb_text _builder_version=&#8220;3.26.6&#8243; custom_margin=&#8220;||-111px|||&#8220; custom_padding=&#8220;||0px|||&#8220;] Der Platz der Hundeschule und der Hundestagesst\u00e4tte [&hellip;]<\/p>\n","protected":false},"author":1,"featured_media":0,"parent":0,"menu_order":0,"comment_status":"closed","ping_status":"closed","template":"","meta":{"footnotes":""},"_links":{"self":[{"href":"http:\/\/hund-und-schueler.de\/index.php?rest_route=\/wp\/v2\/pages\/713"}],"collection":[{"href":"http:\/\/hund-und-schueler.de\/index.php?rest_route=\/wp\/v2\/pages"}],"about":[{"href":"http:\/\/hund-und-schueler.de\/index.php?rest_route=\/wp\/v2\/types\/page"}],"author":[{"embeddable":true,"href":"http:\/\/hund-und-schueler.de\/index.php?rest_route=\/wp\/v2\/users\/1"}],"replies":[{"embeddable":true,"href":"http:\/\/hund-und-schueler.de\/index.php?rest_route=%2Fwp%2Fv2%2Fcomments&post=713"}],"version-history":[{"count":0,"href":"http:\/\/hund-und-schueler.de\/index.php?rest_route=\/wp\/v2\/pages\/713\/revisions"}],"wp:attachment":[{"href":"http:\/\/hund-und-schueler.de\/index.php?rest_route=%2Fwp%2Fv2%2Fmedia&parent=713"}],"curies":[{"name":"wp","href":"https:\/\/api.w.org\/{rel}","templated":true}]}}